[INFO] cloning repository https://github.com/nathanieltan/ld43
[INFO] running `Command { std: "git" "-c" "credential.helper=" "-c" "credential.helper=/workspace/cargo-home/bin/git-credential-null" "clone" "--bare" "https://github.com/nathanieltan/ld43" "/workspace/cache/git-repos/https%3A%2F%2Fgithub.com%2Fnathanieltan%2Fld43", kill_on_drop: false }`
[INFO] [stderr] Cloning into bare repository '/workspace/cache/git-repos/https%3A%2F%2Fgithub.com%2Fnathanieltan%2Fld43'...
[INFO] running `Command { std: "git" "rev-parse" "HEAD", kill_on_drop: false }`
[INFO] [stdout] 6c9a63b480e1a1950ed3f128fda716db1132c3a8
[INFO] building nathanieltan/ld43 against master#ff34b919075f35a1787659e9c448a34b06bab8de for issue-85264
[INFO] running `Command { std: "git" "clone" "/workspace/cache/git-repos/https%3A%2F%2Fgithub.com%2Fnathanieltan%2Fld43" "/workspace/builds/worker-9/source", kill_on_drop: false }`
[INFO] [stderr] Cloning into '/workspace/builds/worker-9/source'...
[INFO] [stderr] done.
[INFO] validating manifest of git repo https://github.com/nathanieltan/ld43 on toolchain ff34b919075f35a1787659e9c448a34b06bab8de
[INFO] running `Command { std: "/workspace/cargo-home/bin/cargo" "+ff34b919075f35a1787659e9c448a34b06bab8de" "metadata" "--manifest-path" "Cargo.toml" "--no-deps", kill_on_drop: false }`
[INFO] started tweaking git repo https://github.com/nathanieltan/ld43
[INFO] finished tweaking git repo https://github.com/nathanieltan/ld43
[INFO] tweaked toml for git repo https://github.com/nathanieltan/ld43 written to /workspace/builds/worker-9/source/Cargo.toml
[INFO] crate git repo https://github.com/nathanieltan/ld43 already has a lockfile, it will not be regenerated
[INFO] running `Command { std: "/workspace/cargo-home/bin/cargo" "+ff34b919075f35a1787659e9c448a34b06bab8de" "fetch" "--manifest-path" "Cargo.toml", kill_on_drop: false }`
[INFO] running `Command { std: "docker" "create" "-v" "/var/lib/crater-agent-workspace/builds/worker-9/target:/opt/rustwide/target:rw,Z" "-v" "/var/lib/crater-agent-workspace/builds/worker-9/source:/opt/rustwide/workdir:ro,Z" "-v" "/var/lib/crater-agent-workspace/cargo-home:/opt/rustwide/cargo-home:ro,Z" "-v" "/var/lib/crater-agent-workspace/rustup-home:/opt/rustwide/rustup-home:ro,Z" "-e" "SOURCE_DIR=/opt/rustwide/workdir" "-e" "CARGO_TARGET_DIR=/opt/rustwide/target" "-e" "CARGO_HOME=/opt/rustwide/cargo-home" "-e" "RUSTUP_HOME=/opt/rustwide/rustup-home" "-w" "/opt/rustwide/workdir" "-m" "1610612736" "--user" "0:0" "--network" "none" "ghcr.io/rust-lang/crates-build-env/linux@sha256:20528e8c29e4536546f0102ce88568b16ea7538393a33fcca951030f7af10457" "/opt/rustwide/cargo-home/bin/cargo" "+ff34b919075f35a1787659e9c448a34b06bab8de" "metadata" "--no-deps" "--format-version=1", kill_on_drop: false }`
[INFO] [stdout] 7d4343359b2e5e1fd72752a83ff8fe7ba31d3ff6cf4ec98d00f2c2cf870e2515
[INFO] [stderr] WARNING: Your kernel does not support swap limit capabilities or the cgroup is not mounted. Memory limited without swap.
[INFO] running `Command { std: "docker" "start" "-a" "7d4343359b2e5e1fd72752a83ff8fe7ba31d3ff6cf4ec98d00f2c2cf870e2515", kill_on_drop: false }`
[INFO] running `Command { std: "docker" "inspect" "7d4343359b2e5e1fd72752a83ff8fe7ba31d3ff6cf4ec98d00f2c2cf870e2515", kill_on_drop: false }`
[INFO] running `Command { std: "docker" "rm" "-f" "7d4343359b2e5e1fd72752a83ff8fe7ba31d3ff6cf4ec98d00f2c2cf870e2515", kill_on_drop: false }`
[INFO] [stdout] 7d4343359b2e5e1fd72752a83ff8fe7ba31d3ff6cf4ec98d00f2c2cf870e2515
[INFO] running `Command { std: "docker" "create" "-v" "/var/lib/crater-agent-workspace/builds/worker-9/target:/opt/rustwide/target:rw,Z" "-v" "/var/lib/crater-agent-workspace/builds/worker-9/source:/opt/rustwide/workdir:ro,Z" "-v" "/var/lib/crater-agent-workspace/cargo-home:/opt/rustwide/cargo-home:ro,Z" "-v" "/var/lib/crater-agent-workspace/rustup-home:/opt/rustwide/rustup-home:ro,Z" "-e" "SOURCE_DIR=/opt/rustwide/workdir" "-e" "CARGO_TARGET_DIR=/opt/rustwide/target" "-e" "CARGO_INCREMENTAL=0" "-e" "RUST_BACKTRACE=full" "-e" "RUSTFLAGS=--cap-lints=forbid" "-e" "CARGO_HOME=/opt/rustwide/cargo-home" "-e" "RUSTUP_HOME=/opt/rustwide/rustup-home" "-w" "/opt/rustwide/workdir" "-m" "1610612736" "--user" "0:0" "--network" "none" "ghcr.io/rust-lang/crates-build-env/linux@sha256:20528e8c29e4536546f0102ce88568b16ea7538393a33fcca951030f7af10457" "/opt/rustwide/cargo-home/bin/cargo" "+ff34b919075f35a1787659e9c448a34b06bab8de" "build" "--frozen" "--message-format=json", kill_on_drop: false }`
[INFO] [stdout] 28783b7a0fae5fefc38bad68ded5e1d7efc67472df0752de7bd15438406ab906
[INFO] [stderr] WARNING: Your kernel does not support swap limit capabilities or the cgroup is not mounted. Memory limited without swap.
[INFO] running `Command { std: "docker" "start" "-a" "28783b7a0fae5fefc38bad68ded5e1d7efc67472df0752de7bd15438406ab906", kill_on_drop: false }`
[INFO] [stderr]    Compiling libc v0.2.43
[INFO] [stderr]    Compiling bitflags v1.0.4
[INFO] [stderr]    Compiling version_check v0.1.4
[INFO] [stderr]    Compiling unicode-xid v0.1.0
[INFO] [stderr]    Compiling either v1.5.0
[INFO] [stderr]    Compiling num-integer v0.1.39
[INFO] [stderr]    Compiling semver-parser v0.7.0
[INFO] [stderr]    Compiling khronos_api v2.2.0
[INFO] [stderr]    Compiling num-iter v0.1.37
[INFO] [stderr]    Compiling approx v0.1.1
[INFO] [stderr]    Compiling matrixmultiply v0.1.14
[INFO] [stderr]    Compiling pkg-config v0.3.13
[INFO] [stderr]    Compiling rayon-core v1.4.1
[INFO] [stderr]    Compiling lazycell v1.2.0
[INFO] [stderr]    Compiling futures v0.1.25
[INFO] [stderr]    Compiling rawpointer v0.1.0
[INFO] [stderr]    Compiling serde v1.0.71
[INFO] [stderr]    Compiling num-complex v0.2.0
[INFO] [stderr]    Compiling rayon v1.0.2
[INFO] [stderr]    Compiling fnv v1.0.6
[INFO] [stderr]    Compiling color_quant v1.0.1
[INFO] [stderr]    Compiling lazy_static v0.2.11
[INFO] [stderr]    Compiling lzw v0.10.0
[INFO] [stderr]    Compiling xi-unicode v0.1.0
[INFO] [stderr]    Compiling podio v0.1.6
[INFO] [stderr]    Compiling failure_derive v0.1.3
[INFO] [stderr]    Compiling same-file v1.0.4
[INFO] [stderr]    Compiling claxon v0.3.1
[INFO] [stderr]    Compiling libm v0.1.2
[INFO] [stderr]    Compiling xdg v2.1.0
[INFO] [stderr]    Compiling hound v3.4.0
[INFO] [stderr]    Compiling mopa v0.2.2
[INFO] [stderr]    Compiling atom v0.3.5
[INFO] [stderr]    Compiling ludum_dare_prep v0.1.0 (/opt/rustwide/workdir)
[INFO] [stderr]    Compiling any-cache v0.2.3
[INFO] [stderr]    Compiling tuple_utils v0.2.0
[INFO] [stderr]    Compiling arrayvec v0.4.7
[INFO] [stderr]    Compiling syn v0.10.8
[INFO] [stderr]    Compiling crossbeam-utils v0.2.2
[INFO] [stderr]    Compiling bzip2-sys v0.1.6
[INFO] [stderr]    Compiling sdl2-sys v0.31.0
[INFO] [stderr]    Compiling ogg v0.4.1
[INFO] [stderr]    Compiling stb_truetype v0.2.2
[INFO] [stderr]    Compiling crossbeam-utils v0.6.1
[INFO] [stderr]    Compiling jpeg-decoder v0.1.15
[INFO] [stderr]    Compiling fxhash v0.2.1
[INFO] [stderr]    Compiling inflate v0.4.3
[INFO] [stderr]    Compiling deflate v0.7.18
[INFO] [stderr]    Compiling xml-rs v0.7.0
[INFO] [stderr]    Compiling draw_state v0.8.0
[INFO] [stderr]    Compiling proc-macro2 v0.4.9
[INFO] [stderr]    Compiling proc-macro2 v0.2.3
[INFO] [stderr]    Compiling itertools v0.5.10
[INFO] [stderr]    Compiling semver v0.9.0
[INFO] [stderr]    Compiling gif v0.10.0
[INFO] [stderr]    Compiling walkdir v2.2.7
[INFO] [stderr]    Compiling lazy_static v1.1.0
[INFO] [stderr]    Compiling rand v0.4.2
[INFO] [stderr]    Compiling rand v0.5.5
[INFO] [stderr]    Compiling num_cpus v1.8.0
[INFO] [stderr]    Compiling iovec v0.1.2
[INFO] [stderr]    Compiling net2 v0.2.33
[INFO] [stderr]    Compiling time v0.1.40
[INFO] [stderr]    Compiling inotify-sys v0.1.3
[INFO] [stderr]    Compiling filetime v0.2.4
[INFO] [stderr]    Compiling smallvec v0.6.5
[INFO] [stderr]    Compiling backtrace-sys v0.1.23
[INFO] [stderr]    Compiling app_dirs2 v2.0.3
[INFO] [stderr]    Compiling lewton v0.5.2
[INFO] [stderr]    Compiling alsa-sys v0.1.2
[INFO] [stderr]    Compiling rustc_version v0.2.3
[INFO] [stderr]    Compiling quote v0.4.2
[INFO] [stderr]    Compiling quote v0.6.5
[INFO] [stderr]    Compiling tokio-executor v0.1.5
[INFO] [stderr]    Compiling bytes v0.4.11
[INFO] [stderr]    Compiling num-complex v0.1.43
[INFO] [stderr]    Compiling approx v0.3.0
[INFO] [stderr]    Compiling smart-default v0.2.0
[INFO] [stderr]    Compiling shred-derive v0.5.0
[INFO] [stderr]    Compiling generic-array v0.8.3
[INFO] [stderr]    Compiling generic-array v0.11.1
[INFO] [stderr]    Compiling mio v0.6.16
[INFO] [stderr]    Compiling msdos_time v0.1.6
[INFO] [stderr]    Compiling rand v0.3.22
[INFO] [stderr]    Compiling parking_lot_core v0.2.14
[INFO] [stderr]    Compiling gl_generator v0.9.0
[INFO] [stderr]    Compiling syn v0.14.7
[INFO] [stderr]    Compiling syn v0.15.22
[INFO] [stderr]    Compiling euclid v0.17.3
[INFO] [stderr]    Compiling ordered-float v0.5.0
[INFO] [stderr]    Compiling sid v0.5.2
[INFO] [stderr]    Compiling syn v0.12.15
[INFO] [stderr]    Compiling twox-hash v1.1.1
[INFO] [stderr]    Compiling parking_lot_core v0.3.1
[INFO] [stderr]    Compiling num-rational v0.1.42
[INFO] [stderr]    Compiling chrono v0.4.6
[INFO] [stderr]    Compiling tokio-io v0.1.10
[INFO] [stderr]    Compiling alga v0.5.4
[INFO] [stderr]    Compiling cgmath v0.14.1
[INFO] [stderr]    Compiling crossbeam-epoch v0.3.1
[INFO] [stderr]    Compiling alga v0.7.1
[INFO] [stderr]    Compiling parking_lot v0.5.5
[INFO] [stderr]    Compiling rusttype v0.5.2
[INFO] [stderr]    Compiling backtrace v0.3.9
[INFO] [stderr]    Compiling bzip2 v0.3.3
[INFO] [stderr]    Compiling mio-extras v2.0.5
[INFO] [stderr]    Compiling num v0.1.42
[INFO] [stderr]    Compiling png v0.12.0
[INFO] [stderr]    Compiling lyon_geom v0.10.1
[INFO] [stderr]    Compiling nalgebra v0.14.4
[INFO] [stderr]    Compiling cpal v0.8.2
[INFO] [stderr]    Compiling crossbeam-deque v0.2.0
[INFO] [stderr]    Compiling zip v0.3.3
[INFO] [stderr]    Compiling sdl2 v0.31.0
[INFO] [stderr]    Compiling nalgebra v0.16.11
[INFO] [stderr]    Compiling gfx_gl v0.5.0
[INFO] [stderr]    Compiling lyon_path v0.10.1
[INFO] [stderr]    Compiling parking_lot v0.6.4
[INFO] [stdout] error[E0592]: duplicate definitions with name `new`
[INFO] [stdout]    --> /opt/rustwide/cargo-home/registry/src/github.com-1ecc6299db9ec823/nalgebra-0.14.4/src/core/construction.rs:510:13
[INFO] [stdout]     |
[INFO] [stdout] 510 |               pub fn new($($args: N),*) -> Self {
[INFO] [stdout]     |               ^^^^^^^^^^^^^^^^^^^^^^^^^^^^^^^^^ duplicate definitions for `new`
[INFO] [stdout] ...
[INFO] [stdout] 522 | / componentwise_constructors_impl!(
[INFO] [stdout] 523 | |     /*
[INFO] [stdout] 524 | |      * Square matrices 1 .. 6.
[INFO] [stdout] 525 | |      */
[INFO] [stdout] ...   |
[INFO] [stdout] 664 | |     U6, U1, x:(0,0), y:(1,0), z:(2,0), w:(3,0), a:(4,0), b:(5,0);
[INFO] [stdout] 665 | | );
[INFO] [stdout]     | |__- in this macro invocation
[INFO] [stdout]     | 
[INFO] [stdout]    ::: /opt/rustwide/cargo-home/registry/src/github.com-1ecc6299db9ec823/nalgebra-0.14.4/src/core/construction_slice_deprecated.rs:171:13
[INFO] [stdout]     |
[INFO] [stdout] 171 |               pub fn new(data: &'a [N], $($args: usize),*) -> Self {
[INFO] [stdout]     |               ---------------------------------------------------- other definition for `new`
[INFO] [stdout]     |
[INFO] [stdout]     = note: this error originates in a macro (in Nightly builds, run with -Z macro-backtrace for more info)
[INFO] [stdout] 
[INFO] [stdout] 
[INFO] [stdout] error[E0592]: duplicate definitions with name `new`
[INFO] [stdout]    --> /opt/rustwide/cargo-home/registry/src/github.com-1ecc6299db9ec823/nalgebra-0.14.4/src/core/construction.rs:510:13
[INFO] [stdout]     |
[INFO] [stdout] 510 |               pub fn new($($args: N),*) -> Self {
[INFO] [stdout]     |               ^^^^^^^^^^^^^^^^^^^^^^^^^^^^^^^^^ duplicate definitions for `new`
[INFO] [stdout] ...
[INFO] [stdout] 522 | / componentwise_constructors_impl!(
[INFO] [stdout] 523 | |     /*
[INFO] [stdout] 524 | |      * Square matrices 1 .. 6.
[INFO] [stdout] 525 | |      */
[INFO] [stdout] ...   |
[INFO] [stdout] 664 | |     U6, U1, x:(0,0), y:(1,0), z:(2,0), w:(3,0), a:(4,0), b:(5,0);
[INFO] [stdout] 665 | | );
[INFO] [stdout]     | |__- in this macro invocation
[INFO] [stdout]     | 
[INFO] [stdout]    ::: /opt/rustwide/cargo-home/registry/src/github.com-1ecc6299db9ec823/nalgebra-0.14.4/src/core/construction_slice_deprecated.rs:232:13
[INFO] [stdout]     |
[INFO] [stdout] 232 |               pub fn new(data: &'a mut [N], $($args: usize),*) -> Self {
[INFO] [stdout]     |               -------------------------------------------------------- other definition for `new`
[INFO] [stdout]     |
[INFO] [stdout]     = note: this error originates in a macro (in Nightly builds, run with -Z macro-backtrace for more info)
[INFO] [stdout] 
[INFO] [stdout] 
[INFO] [stdout] error: aborting due to 2 previous errors
[INFO] [stdout] 
[INFO] [stdout] 
[INFO] [stdout] For more information about this error, try `rustc --explain E0592`.
[INFO] [stdout] 
[INFO] [stderr] error: could not compile `nalgebra`
[INFO] [stderr] 
[INFO] [stderr] To learn more, run the command again with --verbose.
[INFO] [stderr] warning: build failed, waiting for other jobs to finish...
[INFO] [stdout] error[E0502]: cannot borrow `*self` as immutable because it is also borrowed as mutable
[INFO] [stdout]    --> /opt/rustwide/cargo-home/registry/src/github.com-1ecc6299db9ec823/nalgebra-0.16.11/src/base/cg.rs:291:44
[INFO] [stdout]     |
[INFO] [stdout] 291 |                 self[(j, i)] += shift[j] * self[(D::dim() - 1, i)];
[INFO] [stdout]     |                 ---------------------------^^^^-------------------
[INFO] [stdout]     |                 |                          |
[INFO] [stdout]     |                 |                          immutable borrow occurs here
[INFO] [stdout]     |                 mutable borrow occurs here
[INFO] [stdout]     |                 mutable borrow later used here
[INFO] [stdout] 
[INFO] [stdout] 
[INFO] [stdout] error: aborting due to previous error
[INFO] [stdout] 
[INFO] [stdout] 
[INFO] [stdout] For more information about this error, try `rustc --explain E0502`.
[INFO] [stdout] 
[INFO] [stderr] error: build failed
[INFO] running `Command { std: "docker" "inspect" "28783b7a0fae5fefc38bad68ded5e1d7efc67472df0752de7bd15438406ab906", kill_on_drop: false }`
[INFO] running `Command { std: "docker" "rm" "-f" "28783b7a0fae5fefc38bad68ded5e1d7efc67472df0752de7bd15438406ab906", kill_on_drop: false }`
[INFO] [stdout] 28783b7a0fae5fefc38bad68ded5e1d7efc67472df0752de7bd15438406ab906
